 -r - 3 = 4. Suppose -9*j + 20 = -7*j. Let v = j - r. What is the remainder when 50 is divided by v?
16
Suppose 4*m - 14 = -0*w - 2*w, 4*m = -5*w + 11. What is the remainder when 37 is divided by 8/(-6)*m/((-16)/30)?
7
Let v = 81 + -44. Let z = -26 + 98. What is the remainder when z is divided by v?
35
Suppose 6*t - 15 = 3*t - 5*w, -2*t + w + 10 = 0. Suppose 2*f + 0*k + 3*k - 11 = 0, 0 = -t*f + 3*k + 38. Calculate the remainder when 33 is divided by f.
5
Let a(k) = 243*k + 241. What is the remainder when a(2) is divided by 52?
51
Let z(h) = h**2 - 3*h + 2. Let n be 18 - 3*(-2 + 24/9). Suppose 0 = 2*u - n + 12. Calculate the remainder when u is divided by z(3).
0
Let c(h) = -3*h**2 - 2 - 3*h + h**3 - 4*h**3 - h**3. Suppose 0 = -4*b + 4*k + 132, -3*b - 5*k + 24 = -51. What is the remainder when c(-3) is divided by b?
28
Let h = -126 - -146. Let j(f) = -12*f - 5. What is the remainder when j(-7) is divided by h?
19
Suppose -74 = -3*v - 5*i, 5*v - i = v + 68. Suppose p + 140 = -a, 4*a = 5*a - 3*p + 136. Let g = 210 + a. Calculate the remainder when g is divided by v.
17
Let l be ((-44)/(-12) - -2)*3. Let v = 63 - l. What is the remainder when v is divided by 12?
10
Suppose 4*o - 131 = w, 10*w - 5*w + 127 = 4*o. Let c be 2 + (-8 - -4 - o). What is the remainder when ((-21)/(-35))/((-1)/c) is divided by 12?
9
Let c(d) = 65*d**2 - 12*d. What is the remainder when c(-2) is divided by 48?
44
Let i = -4 - -13. Calculate the remainder when -21*12/(-18) - -1 is divided by i.
6
Let v = -238 - -248. Calculate the remainder when 98 is divided by v.
8
Suppose -y + 61 = 3*x, -x - 46 - 185 = -4*y. Calculate the remainder when 109 is divided by y.
51
Suppose -3*l + 8*l = -3*k + 1267, -4*k + 250 = l. Suppose 2*j = 3*x + 2*x - 675, -l = -2*x + 4*j. Calculate the remainder when x is divided by 20.
17
Suppose -12 = -5*k + k. Suppose n = -0*n + 2*j + 46, -k*n = -3*j - 132. What is the remainder when n is divided by 400/18 + 6/(-27)?
20
What is the remainder when 825/10*6/3 is divided by -5 + 0 - -3 - -30?
25
Suppose -2*q + 19 = -215. Suppose 68*i - 1128 = 21*i. Calculate the remainder when q is divided by i.
21
Let v(h) = 2 + h**2 + 0*h + 9*h - 2*h**2 + 0*h. Calculate the remainder when v(7) is divided by 2.
0
Suppose -80 = -z - 3*z. Let a = z - 4. What is the remainder when a is divided by (5 - 8) + 20/2 + -1?
4
Let d be (3/((-18)/(-668)))/(1/3). Suppose d = 8*a - 242. Calculate the remainder when a is divided by 19.
15
Let t = 259 - 250. Calculate the remainder when 96 is divided by t.
6
Suppose 4*b - h = -6 + 754, 0 = -4*b + 5*h + 764. Suppose p - 3 = -0*p. Suppose -p*s + b = -0*s. Calculate the remainder when s is divided by 21.
20
Let g(s) = -6*s - 5. Let h be g(5). Let l be h/(-20)*(-2 + -2). Calculate the remainder when 44 is divided by l/(-28) + 59/4.
14
Let s = 30 + -14. Let q(w) = -2*w - 16. Let g be q(-8). Calculate the remainder when 40 + -10 + (g - 0) is divided by s.
14
Let f(s) = -s**3 - 8*s**2 - 9*s - 11. Let m be f(-7). Let x be 45/m + (-16)/(-4). Calculate the remainder when 62 is divided by x + -2*(-12)/8.
18
Suppose -5 = -4*x + 3. Suppose 3*p + 3 + 3 = k, 4*p + 20 = x*k. Let m = -601 - -672. Calculate the remainder when m is divided by k.
17
Calculate the remainder when 5*6/(-15) + 85 is divided by 29.
25
Let k(v) = 6*v + 14*v + 0*v + v. Calculate the remainder when k(1) is divided by -1 - -2 - 1 - -12.
9
Let l = 367 + -49. Calculate the remainder when l is divided by 106.
0
Let u(n) be the third derivative of n**5/30 + n**4/6 + 11*n**3/2 - 13*n**2. Calculate the remainder when u(9) is divided by 26.
23
Suppose 2*z - 6 = -3*v, -4 = -3*v - v - 4*z. Let f = 182 - 58. Suppose -v*i = -0*i - f. What is the remainder when i is divided by 17?
14
Calculate the remainder when 0 + 1/((-2)/(-84)) is divided by 5.
2
Suppose -v + 43 = -3*f, -4*v + 28 = -4*f - 112. Suppose 3*s + 10 - 75 = 2*g, 0 = s - 3*g - v. Calculate the remainder when s is divided by 11.
8
Suppose 8 = -a + 2*z - 6*z, -3*a = 5*z + 10. Suppose 2*m + m = a. Calculate the remainder when 82 - 0 - (-1 - m) is divided by 12.
11
Calculate the remainder when 154 is divided by (-3)/(6/(-59))*18/9.
36
Let c(q) = -85*q**3 + 5*q**2 + 13*q + 8. What is the remainder when c(-1) is divided by 10?
5
Let y(p) = p**2 + p - 14. Let h(t) = 40*t. Let n be h(8). Suppose 0*q = -5*o - 3*q + 325, 5*o + 2*q = n. Calculate the remainder when o is divided by y(-6).
14
Let k be (-6)/2 + 18 - -1. Suppose -f + 3*t + k + 7 = 0, -t - 15 = -f. Calculate the remainder when f is divided by 3.
2
Calculate the remainder when 97 + (-4 - -4 - -1) - 3 is divided by 48.
47
Let o(t) = 14*t**2 + 13*t + 23. What is the remainder when 98 is divided by o(-2)?
45
Let u(t) = -22*t - 23. Let n be u(7). Let p = -150 - n. What is the remainder when 37 is divided by p?
10
Suppose 41*p - 32*p - 135 = 0. Let d(x) = 3*x**2 - 2*x. Calculate the remainder when d(-4) is divided by p.
11
Let g(y) = y**3 - 8*y**2 + 11*y - 12. Let k = -18 - -25. What is the remainder when 62 is divided by g(k)?
14
Suppose -3*x = z - 18, -4*z = x - 0*z - 17. Suppose x*m - 173 + 43 = 0. Calculate the remainder when 49 is divided by m.
23
Let r(h) = -8*h - 2. Let j be r(-1). Calculate the remainder when 16 is divided by (-14)/j*(7 + -10).
2
Suppose t + j - 50 = -3*j, -3*t + 185 = 5*j. Calculate the remainder when t is divided by 9.
7
Let k(f) = f**3 + 3*f**2 - 64*f + 11. What is the remainder when 211 is divided by k(7)?
52
Let o(q) = -2*q**2 + 2*q + 12. Let g(w) = -w**2 + 2*w + 13. Let f(y) = 3*g(y) - 2*o(y). Calculate the remainder when 25 is divided by f(0).
10
Let w be ((36/4)/(-3))/(-1). Suppose 4*h + 0*h = -w*j + 93, -2*j + 5*h + 85 = 0. Let g(v) = -v + 6. Calculate the remainder when j is divided by g(-13).
16
Let y(p) = 12*p**2 - 11*p - 17. Let j be (-48)/22 - (-60)/330. Calculate the remainder when y(j) is divided by 15.
8
Let u(j) = 5*j**3 - 11*j**2 + 18*j + 10. Let k(y) = 2*y**3 - y**2 + y + 1. Let h(v) = -2*k(v) + u(v). What is the remainder when 64 is divided by h(7)?
20
Let z = -6 - -7. What is the remainder when (-4 - -6) + (z - 2) is divided by 1?
0
Let u(o) = -o**2 - 9*o - 9. Let j be u(-7). Suppose -266 = -5*l - 2*c, -4*l - j*c = -2*l - 119. Calculate the remainder when l is divided by 9.
7
Suppose -4*b = -8*b + 12. Suppose 2*p = 3*q - 47, -b*q - p + 45 = -4*p. Calculate the remainder when 33 is divided by q.
16
Let x(n) = 2*n**2 + 12*n - 8. Let d be x(-7). Suppose 408 = d*l - 336. Calculate the remainder when l is divided by 9.
7
Let m(y) = -4 - 94*y**3 + 9*y**3 - y**2 - 2*y + 3. Let g be m(-1). Suppose 2*c + z = 129, 2*c - g - 39 = -2*z. Calculate the remainder when c is divided by 23.
21
Let u(q) = 2*q**2 - 6*q + 7. Let w be u(2). Suppose -28 = -w*f + 5. What is the remainder when -60*-1*1/2 is divided by f?
8
Suppose s - 5*y - 92 = 0, 0 = -39*s + 38*s + 3*y + 92. What is the remainder when s is divided by 32?
28
Let y(w) be the third derivative of -w**6/40 + w**5/60 + w**2. Let u(v) = -v + 70. Calculate the remainder when u(17) is divided by y(-2).
25
Let b be 5 + 1/(0 + 1). Let p = 11 - b. Suppose 0 = p*k - 126 - 14. Calculate the remainder when 82 is divided by k.
26
Let k(u) = u**3 + 25*u**2 + u + 37. What is the remainder when 245 is divided by k(-25)?
5
Let d(f) = 2*f + 6. Let t be d(1). Calculate the remainder when 10 is divided by (2 - t)*3/(54/(-15)).
0
Suppose 5*m - 445 - 285 = 0. Suppose -5*o + 4*o + 48 = c, 3*o + 5*c - m = 0. What is the remainder when 139 is divided by o?
45
Let h(p) = -3641*p - 1. Let b be h(-1). Suppose -3*x + 5*r = -0*x - 2192, 0 = 5*x + 5*r - b. What is the remainder when ((-10)/15)/((-6)/x) is divided by 17?
13
Suppose -2*k + 2*c + 1180 = 0, 3*k + 0*c - c = 1772. What is the remainder when k is divided by 16?
15
Suppose r = 150 - 90. What is the remainder when 413 is divided by r?
53
Let p(y) = -10*y**2 - 6*y - 5. Let s be p(-3). Let j = -75 + s. Let g = -108 - j. What is the remainder when g is divided by 9?
8
Suppose 4*q = 16, -39 + 52 = 3*x - 2*q. Calculate the remainder when 12 + (2 - 2 - -1) is divided by x.
6
Let j = 548 - 537. Calculate the remainder when 834 is divided by j.
9
Suppose -5*v = -3*w + 94 - 38, -5*w = v - 112. Calculate the remainder when w is divided by 18.
4
Calculate the remainder when (-